(u) = -2*u - 10. Let v be y(-5). Suppose 5*n + 3*n - 40 = v. Calculate the highest common divisor of 40 and n.
5
Let s = 19 + -36. Let w(o) = -o - 3. Let x be w(s). Calculate the greatest common factor of 14 and x.
14
Let v = -116 - -54. Let z = v - -74. Suppose -5*f + 2 = u - 24, -2*f - u = -8. Calculate the greatest common factor of f and z.
6
Suppose -8*g = -4*g - 16. Suppose 2*i - 5*k - 9 = i, -3*i + g*k = -27. Suppose 7*h + 80 = i*h. What is the greatest common factor of 100 and h?
20
Suppose 12623 + 4657 = 18*x. Calculate the highest common divisor of 60 and x.
60
Let w = 1 - 5. Let z be (-2)/w - (-23)/2. Let s be 6 + (-63)/(-9) + -5. Calculate the highest common divisor of z and s.
4
Let l(k) = -4*k**3 + 6*k**2 + 26*k + 8. Let b be l(-5). Calculate the greatest common factor of 33 and b.
33
Let s = 730 + -727. Suppose 1 = -2*k - 21. Let p = k - -44. Calculate the highest common factor of s and p.
3
Let m(f) = -188*f + 73*f**2 + 185*f + 3 - 1. Suppose 0*a - a = -3*k + 5, -5 = -k + 2*a. Let u be m(k). Calculate the greatest common divisor of 48 and u.
24
Let g = 870 - 854. Calculate the highest common factor of 64 and g.
16
Let u = -19 + 30. Let z = 117 - 73. Calculate the highest common factor of u and z.
11
Suppose -42 = 2*n - 224. Let o be (-6)/4*42/(-9). Let b(t) = t + 6. Let g be b(o). What is the greatest common factor of n and g?
13
Let b = 173 + -110. What is the greatest common factor of 36 and b?
9
Suppose 11514 = 8*r + 3674. Suppose -5*u - 5*u + r = 0. What is the highest common divisor of u and 14?
14
Let u(i) = -i + 686. Let k be u(0). Let l = k - 454. Calculate the highest common divisor of l and 29.
29
Suppose 2064 + 1436 = 28*s. What is the highest common factor of s and 25?
25
Let k be 27/(-12)*48/(-9). Suppose k*x = 3*x + 63. Calculate the highest common factor of x and 56.
7
Suppose -4*u + 5*f + 32 + 52 = 0, -84 = -5*u + f. Calculate the highest common divisor of u and 272.
16
Let z = 651 + -376. What is the greatest common divisor of 165 and z?
55
Let i = 450 - 250. Let r be ((-60)/(-21))/((-5)/(-35)). Calculate the greatest common factor of i and r.
20
Let r(p) = p**2 - 10*p. Let a(n) = n**2 - 4*n + 2. Let o be a(5). Suppose 4 = i - o. Let z be r(i). Calculate the highest common factor of z and 33.
11
Suppose 0*c - c - 321 = -3*n, 535 = 5*n - 3*c. Let q be (-9)/(-27) - n/(-3). Calculate the highest common factor of 9 and q.
9
Let l be (14/49)/(1 + (-6)/7). Suppose -96 = -2*n + p + 3*p, -l*p + 2 = 0. Calculate the highest common divisor of 125 and n.
25
Suppose -9*s + 6*s + 15 = 0. Let l be (1 - -6) + -2 + 0. Let b = l - -30. What is the highest common divisor of b and s?
5
Let o be 3/(90/(-4)) + 140440/300. Calculate the highest common factor of o and 104.
52
Let h(r) = -r**2 - 10*r + 3. Let q be h(-8). What is the greatest common divisor of q and 323?
19
Let y(n) = n**3 - 3*n**2 - 2*n - 8. Let h be y(4). Suppose 3*c - 83 = 2*s - 0*s, 4*c + 4*s - 104 = h. Calculate the highest common divisor of 3 and c.
3
Let d = -11 + 18. Let h(c) = -2*c**2 + 28. Let n be h(0). Let q be (n/10)/((-24)/(-60)). What is the highest common divisor of q and d?
7
Let c = 44 - -5. Suppose 2*r + 3*d = c + 9, -r - 5*d + 15 = 0. Calculate the greatest common factor of 245 and r.
35
Let m be 9/15 - (-28)/20. Let k(q) = 3*q**3 - 6*q**2 + 6*q + 2. Let c be k(m). Suppose 9 = 2*f - 19. What is the greatest common divisor of c and f?
14
Let p(i) = 4*i**2 + 45*i - 74. Let a be p(-14). Suppose 2*f - 21 = 11. Calculate the highest common divisor of a and f.
16
Let o be (-3*8/60)/((-14)/1260). Calculate the greatest common divisor of 468 and o.
36
Suppose -20*z = -7024 - 4876. What is the greatest common factor of z and 51?
17
Suppose -3 = -2*h + 123. Let q be 10/4 + (-1)/2. Let k be (4/(-8))/(q/(-36)). Calculate the greatest common factor of h and k.
9
Let q(u) = 0 + 5*u + u - 1 + u**3 + 11*u**2. Let j be q(-7). Let g = -367 + 384. What is the highest common factor of j and g?
17
Suppose -5*s + 35 = -2*h - 0*h, -3*s + 5*h = -40. Let a be -16*s/(-10)*1. What is the greatest common divisor of 36 and a?
4
Let l be (-16)/56 + (-78)/21. Suppose 3*c + 250 = -212. Let n be c/l*(1 + 1). Calculate the greatest common factor of 7 and n.
7
Suppose -550 = 6*c - 17*c. What is the greatest common factor of 70 and c?
10
Let z be 4/3 - 329/(-21). Calculate the greatest common factor of z and 68.
17
Let o = 80 + -52. What is the highest common factor of 21 and o?
7
Let n be 1/(1 + 20/(-16)). Let b be 2/((8/(-67))/n). Let j = -44 + b. Calculate the greatest common divisor of 23 and j.
23
Let b be (-68)/102 - 340/(-6). Suppose -3*g + 31 = 2*d, 0 = -5*d + d - g + 37. Calculate the greatest common factor of d and b.
8
Let u(x) = -44*x + 4. Let n be u(-4). Suppose a + 2 = -i, -5*a = -0*a - 10. Let w = n + i. What is the greatest common divisor of w and 16?
16
Let x = 144 + -139. What is the greatest common divisor of 215 and x?
5
Suppose 4*b - 15 - 1 = 0. Suppose 69 = 3*o - 4*n, 92 = b*o + 4*n - 9*n. What is the highest common factor of o and 184?
23
Let l = 5 + 21. Suppose 0 = -4*n - 8, 2*a - 4*n = 86 + 52. Calculate the highest common factor of a and l.
13
Let z(h) = -8*h + 312. Let s be z(38). What is the highest common factor of 3 and s?
1
Let g be (-2)/(-3)*(43 - -173). Calculate the greatest common factor of 48 and g.
48
Let c = -303 + 411. What is the highest common divisor of c and 36?
36
Let y(x) = -33*x**3 + x**2 + x - 1. Let h be y(-2). Let b = h + 65. Calculate the greatest common divisor of 30 and b.
30
Suppose 3*q = 463 + 347. What is the greatest common factor of 10 and q?
10
Let r(f) = 4*f - 14. Let k(m) = -m + 1. Let p(s) = -84*k(s) - 6*r(s). Let h be p(2). What is the greatest common factor of 15 and h?
15
Suppose 5*p - 64 = 7*p. Let s = -8 - p. Suppose 5*t + q - 241 = t, 4*t = 2*q + 238. Calculate the greatest common factor of s and t.
12
Let m(g) = 5*g - 12. Let n be m(8). Let z = 50 - n. What is the greatest common divisor of z and 198?
22
Let j be 305/10*(1 + -3). Let i be (225/18)/(1/(-2)). Let k = i - j. Calculate the highest common factor of 12 and k.
12
Let q be (9/(-15))/((-32)/58560). What is the greatest common divisor of 18 and q?
18
Let l = 9 - 6. Let n(u) = u**2 - 5. Let m be n(l). Suppose -3*w + w - 5*o + 13 = 0, w - m = -5*o. What is the greatest common divisor of 81 and w?
9
Let m(g) = -27*g**2 - 6. Let s(k) = 28*k**2 - k + 7. Let q(n) = -4*m(n) - 3*s(n). Let x be q(-1). Calculate the greatest common factor of 16 and x.
8
Let i be 3/(-1)*(-1)/3*250. Calculate the highest common divisor of i and 100.
50
Suppose -3*j = -3*i - 57, -2*j - 2*i = -5*i - 43. Calculate the greatest common factor of 28 and j.
14
Suppose 0 = -2*f + 4*f - 36. Let o(t) = -2*t**2 - 46*t + 10. Let w be o(-22). Calculate the greatest common divisor of w and f.
18
Let t = -576 - -1424. Calculate the highest common factor of 106 and t.
106
Suppose -70 = -l + 4*s, -l + 139 = s + 44. Let j(g) = 15*g - 39. Let c be j(5). Calculate the greatest common factor of l and c.
18
Let b(o) = 3*o + 10. Let h be b(12). Let f = h - -9. Let n = 77 - f. Calculate the highest common factor of 154 and n.
22
Suppose 0 = 4*a - 2*a - 5*o - 70, -3*a + 95 = -5*o. What is the highest common factor of a and 60?
5
Let s(z) = z**2 - 4*z + 2. Let o be s(4). Suppose n - 6*j - 4 = -9*j, -j + 28 = o*n. Calculate the greatest common factor of 128 and n.
16
Let w be -6*(-2 - 12/(-8)). Let p be w + (-6)/3 - 110. Let z = p - -181. What is the greatest common divisor of 9 and z?
9
Let m be (-18)/27 + ((-2)/(-3))/1. Let r = -4 - -5. Let o be 3 + 141/r + m. Calculate the greatest common divisor of o and 16.
16
Suppose -2 = k - 20. Suppose -3*q + 0*q = -5*m + 57, -2*q + 10 = 2*m. Let c be (4 - 0) + m + -7. What is the highest common divisor of c and k?
6
Suppose -2*w + 9*r + 1295 = 8*r, 3*w + 4*r = 1959. Calculate the greatest common factor of 295 and w.
59
Let q = -4 - -4. Suppose 5*x + 0*x = q. Suppose 0*p - p + 20 = x. What is the greatest common factor of p and 20?
20
Let x = 40 - 38. Suppose -4*l + 43 = 3*i, 6*i = 3*i + x*l + 19. What is the greatest common divisor of 72 and i?
9
Let u = 7 + -4. Let f = u - -6. Calculate the highest common divisor of 9 and f.
9
Suppose p = -2*p - 4*n + 27, 0 = -2*p - 5*